{"id":6855,"date":"2026-02-25T12:06:51","date_gmt":"2026-02-25T18:06:51","guid":{"rendered":"https:\/\/test01.chat2desk.mx\/?post_type=product&#038;p=6855"},"modified":"2026-04-08T15:26:47","modified_gmt":"2026-04-08T21:26:47","slug":"gift-organic-body-scrub-30-min","status":"publish","type":"product","link":"https:\/\/test01.chat2desk.mx\/?product=gift-organic-body-scrub-30-min","title":{"rendered":"Gift-Organic Body Scrub \/ 30 MIN"},"content":{"rendered":"<p data-path-to-node=\"26\">POL\u00cdTICAS Y CONDICIONES<\/p>\n<p data-path-to-node=\"27\"><b data-path-to-node=\"27\" data-index-in-node=\"0\">Cancelaci\u00f3n sin cargo:<\/b> Si necesita cancelar o modificar su cita, h\u00e1galo con al menos 24 horas de anticipaci\u00f3n. Esto nos permite reorganizar nuestro horario y ofrecer el espacio a otro cliente.<\/p>\n<p data-path-to-node=\"28\"><b data-path-to-node=\"28\" data-index-in-node=\"0\">Cancelaci\u00f3n con cargo:<\/b> Las cancelaciones realizadas con menos de 24 horas de anticipaci\u00f3n tendr\u00e1n un cargo del 50% del precio total del servicio.<\/p>\n<p data-path-to-node=\"29\"><b data-path-to-node=\"29\" data-index-in-node=\"0\">No presentaci\u00f3n:<\/b> Si no se presenta a su cita sin previo aviso, se le cobrar\u00e1 el cargo completo del servicio. Entendemos que pueden surgir situaciones inesperadas y siempre preferimos saber de usted para poder reprogramar y ofrecer el espacio a otros.<\/p>\n<p data-path-to-node=\"30\"><b data-path-to-node=\"30\" data-index-in-node=\"0\">Reprogramaci\u00f3n:<\/b> Si necesita reprogramar su cita, notif\u00edquenos con al menos 24 horas de anticipaci\u00f3n para asegurarnos de encontrar un horario que le convenga.<\/p>\n<p data-path-to-node=\"31\"><b data-path-to-node=\"31\" data-index-in-node=\"0\">M\u00e9todos de pago:<\/b><\/p>\n<ul data-path-to-node=\"32\">\n<li>\n<p data-path-to-node=\"32,0,0\">Aceptamos las principales tarjetas de cr\u00e9dito o pagos en efectivo.<\/p>\n<\/li>\n<li>\n<p data-path-to-node=\"32,1,0\">Si se hospeda en el hotel, los servicios de spa podr\u00edan cargarse a la cuenta de su habitaci\u00f3n.<\/p>\n<\/li>\n<li>\n<p data-path-to-node=\"32,2,0\">Las propinas son opcionales.<\/p>\n<\/li>\n<\/ul>\n<p data-path-to-node=\"33\"><b data-path-to-node=\"33\" data-index-in-node=\"0\">Condiciones m\u00e9dicas:<\/b> Por favor, inf\u00f3rmenos sobre cualquier enfermedad, alergia o lesi\u00f3n previa que pueda afectar la calidad o seguridad de su experiencia.<\/p>\n<p data-path-to-node=\"34\"><b data-path-to-node=\"34\" data-index-in-node=\"0\">Recomendaciones para la llegada:<\/b> Por favor, llegue al menos 10 minutos antes de su cita para tener tiempo suficiente para prepararse.<\/p>\n<p data-path-to-node=\"35\"><b data-path-to-node=\"35\" data-index-in-node=\"0\">Objetos de valor y joyas:<\/b> Para su comodidad, le sugerimos que no traiga objetos de valor, ya que no nos hacemos responsables de la p\u00e9rdida de pertenencias.<\/p>\n","protected":false},"excerpt":{"rendered":"<p>Obsequie un ritual de suavidad absoluta. Exfoliaci\u00f3n corporal realizada con diferentes tipos de sales (sal del Himalaya, sal del Mar Muerto) y aceites esenciales (lavanda, geranio, cipr\u00e9s), que ayuda a la piel a deshacerse de todas las c\u00e9lulas muertas y recuperar elasticidad e hidrataci\u00f3n.<\/p>\n","protected":false},"featured_media":6863,"comment_status":"open","ping_status":"closed","template":"","meta":[],"product_brand":[],"product_cat":[48,49],"product_tag":[50],"class_list":{"0":"post-6855","1":"product","2":"type-product","3":"status-publish","4":"has-post-thumbnail","6":"product_cat-masajes","7":"product_cat-regala","8":"product_tag-regala","10":"first","11":"instock","12":"shipping-taxable","13":"purchasable","14":"product-type-simple"},"yoast_head":"<!-- This site is optimized with the Yoast SEO Premium plugin v26.9 (Yoast SEO v26.9) - https:\/\/yoast.com\/product\/yoast-seo-premium-wordpress\/ -->\n<title>Gift-Organic Body Scrub \/ 30 MIN - Chat2desk Mexico<\/title>\n<meta name=\"description\" content=\"Regala un Organic Body Scrub de 30 min con sales del Himalaya y del Mar Muerto. Elimina c\u00e9lulas muertas y recupera la suavidad de tu piel. \u00a1Compra ahora!\" \/>\n<meta name=\"robots\" content=\"index, follow, max-snippet:-1, max-image-preview:large, max-video-preview:-1\" \/>\n<link rel=\"canonical\" href=\"https:\/\/test01.chat2desk.mx\/?product=gift-organic-body-scrub-30-min\" \/>\n<meta property=\"og:locale\" content=\"es_MX\" \/>\n<meta property=\"og:type\" content=\"article\" \/>\n<meta property=\"og:title\" content=\"Gift-Organic Body Scrub \/ 30 MIN\" \/>\n<meta property=\"og:description\" content=\"Regala un Organic Body Scrub de 30 min con sales del Himalaya y del Mar Muerto. Elimina c\u00e9lulas muertas y recupera la suavidad de tu piel. \u00a1Compra ahora!\" \/>\n<meta property=\"og:url\" content=\"https:\/\/test01.chat2desk.mx\/?product=gift-organic-body-scrub-30-min\" \/>\n<meta property=\"og:site_name\" content=\"Chat2desk Mexico\" \/>\n<meta property=\"article:modified_time\" content=\"2026-04-08T21:26:47+00:00\" \/>\n<meta property=\"og:image\" content=\"https:\/\/test01.chat2desk.mx\/wp-content\/uploads\/2026\/02\/7613-e1768515316663.jpg\" \/>\n\t<meta property=\"og:image:width\" content=\"1000\" \/>\n\t<meta property=\"og:image:height\" content=\"1000\" \/>\n\t<meta property=\"og:image:type\" content=\"image\/jpeg\" \/>\n<meta name=\"twitter:card\" content=\"summary_large_image\" \/>\n<meta name=\"twitter:label1\" content=\"Tiempo de lectura\" \/>\n\t<meta name=\"twitter:data1\" content=\"2 minutos\" \/>\n<script type=\"application\/ld+json\" class=\"yoast-schema-graph\">{\"@context\":\"https:\/\/schema.org\",\"@graph\":[{\"@type\":\"WebPage\",\"@id\":\"https:\/\/test01.chat2desk.mx\/?product=gift-organic-body-scrub-30-min\",\"url\":\"https:\/\/test01.chat2desk.mx\/?product=gift-organic-body-scrub-30-min\",\"name\":\"Gift-Organic Body Scrub \/ 30 MIN - Chat2desk Mexico\",\"isPartOf\":{\"@id\":\"https:\/\/test01.chat2desk.mx\/#website\"},\"primaryImageOfPage\":{\"@id\":\"https:\/\/test01.chat2desk.mx\/?product=gift-organic-body-scrub-30-min#primaryimage\"},\"image\":{\"@id\":\"https:\/\/test01.chat2desk.mx\/?product=gift-organic-body-scrub-30-min#primaryimage\"},\"thumbnailUrl\":\"https:\/\/test01.chat2desk.mx\/wp-content\/uploads\/2026\/02\/7613-e1768515316663.jpg\",\"datePublished\":\"2026-02-25T18:06:51+00:00\",\"dateModified\":\"2026-04-08T21:26:47+00:00\",\"description\":\"Regala un Organic Body Scrub de 30 min con sales del Himalaya y del Mar Muerto. Elimina c\u00e9lulas muertas y recupera la suavidad de tu piel. \u00a1Compra ahora!\",\"breadcrumb\":{\"@id\":\"https:\/\/test01.chat2desk.mx\/?product=gift-organic-body-scrub-30-min#breadcrumb\"},\"inLanguage\":\"es\",\"potentialAction\":[{\"@type\":\"ReadAction\",\"target\":[\"https:\/\/test01.chat2desk.mx\/?product=gift-organic-body-scrub-30-min\"]}]},{\"@type\":\"ImageObject\",\"inLanguage\":\"es\",\"@id\":\"https:\/\/test01.chat2desk.mx\/?product=gift-organic-body-scrub-30-min#primaryimage\",\"url\":\"https:\/\/test01.chat2desk.mx\/wp-content\/uploads\/2026\/02\/7613-e1768515316663.jpg\",\"contentUrl\":\"https:\/\/test01.chat2desk.mx\/wp-content\/uploads\/2026\/02\/7613-e1768515316663.jpg\",\"width\":1000,\"height\":1000},{\"@type\":\"BreadcrumbList\",\"@id\":\"https:\/\/test01.chat2desk.mx\/?product=gift-organic-body-scrub-30-min#breadcrumb\",\"itemListElement\":[{\"@type\":\"ListItem\",\"position\":1,\"name\":\"Inicio\",\"item\":\"https:\/\/test01.chat2desk.mx\/\"},{\"@type\":\"ListItem\",\"position\":2,\"name\":\"Gift\",\"item\":\"https:\/\/test01.chat2desk.mx\/?page_id=16\"},{\"@type\":\"ListItem\",\"position\":3,\"name\":\"Gift-Organic Body Scrub \/ 30 MIN\"}]},{\"@type\":\"WebSite\",\"@id\":\"https:\/\/test01.chat2desk.mx\/#website\",\"url\":\"https:\/\/test01.chat2desk.mx\/\",\"name\":\"Chat2desk Mexico\",\"description\":\"\",\"potentialAction\":[{\"@type\":\"SearchAction\",\"target\":{\"@type\":\"EntryPoint\",\"urlTemplate\":\"https:\/\/test01.chat2desk.mx\/?s={search_term_string}\"},\"query-input\":{\"@type\":\"PropertyValueSpecification\",\"valueRequired\":true,\"valueName\":\"search_term_string\"}}],\"inLanguage\":\"es\"}]}<\/script>\n<!-- \/ Yoast SEO Premium plugin. -->","yoast_head_json":{"title":"Gift-Organic Body Scrub \/ 30 MIN - Chat2desk Mexico","description":"Regala un Organic Body Scrub de 30 min con sales del Himalaya y del Mar Muerto. Elimina c\u00e9lulas muertas y recupera la suavidad de tu piel. \u00a1Compra ahora!","robots":{"index":"index","follow":"follow","max-snippet":"max-snippet:-1","max-image-preview":"max-image-preview:large","max-video-preview":"max-video-preview:-1"},"canonical":"https:\/\/test01.chat2desk.mx\/?product=gift-organic-body-scrub-30-min","og_locale":"es_MX","og_type":"article","og_title":"Gift-Organic Body Scrub \/ 30 MIN","og_description":"Regala un Organic Body Scrub de 30 min con sales del Himalaya y del Mar Muerto. Elimina c\u00e9lulas muertas y recupera la suavidad de tu piel. \u00a1Compra ahora!","og_url":"https:\/\/test01.chat2desk.mx\/?product=gift-organic-body-scrub-30-min","og_site_name":"Chat2desk Mexico","article_modified_time":"2026-04-08T21:26:47+00:00","og_image":[{"width":1000,"height":1000,"url":"https:\/\/test01.chat2desk.mx\/wp-content\/uploads\/2026\/02\/7613-e1768515316663.jpg","type":"image\/jpeg"}],"twitter_card":"summary_large_image","twitter_misc":{"Tiempo de lectura":"2 minutos"},"schema":{"@context":"https:\/\/schema.org","@graph":[{"@type":"WebPage","@id":"https:\/\/test01.chat2desk.mx\/?product=gift-organic-body-scrub-30-min","url":"https:\/\/test01.chat2desk.mx\/?product=gift-organic-body-scrub-30-min","name":"Gift-Organic Body Scrub \/ 30 MIN - Chat2desk Mexico","isPartOf":{"@id":"https:\/\/test01.chat2desk.mx\/#website"},"primaryImageOfPage":{"@id":"https:\/\/test01.chat2desk.mx\/?product=gift-organic-body-scrub-30-min#primaryimage"},"image":{"@id":"https:\/\/test01.chat2desk.mx\/?product=gift-organic-body-scrub-30-min#primaryimage"},"thumbnailUrl":"https:\/\/test01.chat2desk.mx\/wp-content\/uploads\/2026\/02\/7613-e1768515316663.jpg","datePublished":"2026-02-25T18:06:51+00:00","dateModified":"2026-04-08T21:26:47+00:00","description":"Regala un Organic Body Scrub de 30 min con sales del Himalaya y del Mar Muerto. Elimina c\u00e9lulas muertas y recupera la suavidad de tu piel. \u00a1Compra ahora!","breadcrumb":{"@id":"https:\/\/test01.chat2desk.mx\/?product=gift-organic-body-scrub-30-min#breadcrumb"},"inLanguage":"es","potentialAction":[{"@type":"ReadAction","target":["https:\/\/test01.chat2desk.mx\/?product=gift-organic-body-scrub-30-min"]}]},{"@type":"ImageObject","inLanguage":"es","@id":"https:\/\/test01.chat2desk.mx\/?product=gift-organic-body-scrub-30-min#primaryimage","url":"https:\/\/test01.chat2desk.mx\/wp-content\/uploads\/2026\/02\/7613-e1768515316663.jpg","contentUrl":"https:\/\/test01.chat2desk.mx\/wp-content\/uploads\/2026\/02\/7613-e1768515316663.jpg","width":1000,"height":1000},{"@type":"BreadcrumbList","@id":"https:\/\/test01.chat2desk.mx\/?product=gift-organic-body-scrub-30-min#breadcrumb","itemListElement":[{"@type":"ListItem","position":1,"name":"Inicio","item":"https:\/\/test01.chat2desk.mx\/"},{"@type":"ListItem","position":2,"name":"Gift","item":"https:\/\/test01.chat2desk.mx\/?page_id=16"},{"@type":"ListItem","position":3,"name":"Gift-Organic Body Scrub \/ 30 MIN"}]},{"@type":"WebSite","@id":"https:\/\/test01.chat2desk.mx\/#website","url":"https:\/\/test01.chat2desk.mx\/","name":"Chat2desk Mexico","description":"","potentialAction":[{"@type":"SearchAction","target":{"@type":"EntryPoint","urlTemplate":"https:\/\/test01.chat2desk.mx\/?s={search_term_string}"},"query-input":{"@type":"PropertyValueSpecification","valueRequired":true,"valueName":"search_term_string"}}],"inLanguage":"es"}]}},"_links":{"self":[{"href":"https:\/\/test01.chat2desk.mx\/index.php?rest_route=\/wp\/v2\/product\/6855","targetHints":{"allow":["GET"]}}],"collection":[{"href":"https:\/\/test01.chat2desk.mx\/index.php?rest_route=\/wp\/v2\/product"}],"about":[{"href":"https:\/\/test01.chat2desk.mx\/index.php?rest_route=\/wp\/v2\/types\/product"}],"replies":[{"embeddable":true,"href":"https:\/\/test01.chat2desk.mx\/index.php?rest_route=%2Fwp%2Fv2%2Fcomments&post=6855"}],"wp:featuredmedia":[{"embeddable":true,"href":"https:\/\/test01.chat2desk.mx\/index.php?rest_route=\/wp\/v2\/media\/6863"}],"wp:attachment":[{"href":"https:\/\/test01.chat2desk.mx\/index.php?rest_route=%2Fwp%2Fv2%2Fmedia&parent=6855"}],"wp:term":[{"taxonomy":"product_brand","embeddable":true,"href":"https:\/\/test01.chat2desk.mx\/index.php?rest_route=%2Fwp%2Fv2%2Fproduct_brand&post=6855"},{"taxonomy":"product_cat","embeddable":true,"href":"https:\/\/test01.chat2desk.mx\/index.php?rest_route=%2Fwp%2Fv2%2Fproduct_cat&post=6855"},{"taxonomy":"product_tag","embeddable":true,"href":"https:\/\/test01.chat2desk.mx\/index.php?rest_route=%2Fwp%2Fv2%2Fproduct_tag&post=6855"}],"curies":[{"name":"wp","href":"https:\/\/api.w.org\/{rel}","templated":true}]}}