{"id":965,"date":"2022-08-29T03:39:18","date_gmt":"2022-08-29T03:39:18","guid":{"rendered":"https:\/\/demo.ovathemewp.com\/mellis\/?post_type=product&#038;p=965"},"modified":"2026-04-08T15:31:43","modified_gmt":"2026-04-08T21:31:43","slug":"snail-repairing","status":"publish","type":"product","link":"https:\/\/test01.chat2desk.mx\/?product=snail-repairing","title":{"rendered":"Gift-Organic Descontracting Massage \/ 50 MIN"},"content":{"rendered":"<p>Obsequie una pausa de exclusividad absoluta. El cannabis y el aceite de \u00e1rnica ayudan a aliviar el estr\u00e9s emocional y promueven una sensaci\u00f3n de calma, que puede ser especialmente \u00fatil despu\u00e9s de un duro d\u00eda en el trabajo o o un largo viaje cansado<\/p>\n","protected":false},"excerpt":{"rendered":"<p>Obsequie una pausa de exclusividad absoluta. El cannabis y el aceite de \u00e1rnica ayudan a aliviar el estr\u00e9s emocional y promueven una sensaci\u00f3n de calma, que puede ser especialmente \u00fatil despu\u00e9s de un duro d\u00eda en el trabajo o o un largo viaje cansado<\/p>\n","protected":false},"featured_media":6848,"comment_status":"open","ping_status":"closed","template":"","meta":[],"product_brand":[],"product_cat":[48,49],"product_tag":[50],"class_list":{"0":"post-965","1":"product","2":"type-product","3":"status-publish","4":"has-post-thumbnail","6":"product_cat-masajes","7":"product_cat-regala","8":"product_tag-regala","10":"first","11":"instock","12":"shipping-taxable","13":"purchasable","14":"product-type-simple"},"yoast_head":"<!-- This site is optimized with the Yoast SEO Premium plugin v26.9 (Yoast SEO v26.9) - https:\/\/yoast.com\/product\/yoast-seo-premium-wordpress\/ -->\n<title>Gift-Organic Descontracting Massage \/ 50 MIN - Chat2desk Mexico<\/title>\n<meta name=\"description\" content=\"Regala un masaje descontracturante de 50 min con cannabis y \u00e1rnica. Alivia el estr\u00e9s y recupera la calma tras un d\u00eda duro con exclusividad. \u00a1Compra aqu\u00ed!\" \/>\n<meta name=\"robots\" content=\"index, follow, max-snippet:-1, max-image-preview:large, max-video-preview:-1\" \/>\n<link rel=\"canonical\" href=\"https:\/\/test01.chat2desk.mx\/?product=snail-repairing\" \/>\n<meta property=\"og:locale\" content=\"es_MX\" \/>\n<meta property=\"og:type\" content=\"article\" \/>\n<meta property=\"og:title\" content=\"Gift-Organic Descontracting Massage \/ 50 MIN\" \/>\n<meta property=\"og:description\" content=\"Regala un masaje descontracturante de 50 min con cannabis y \u00e1rnica. Alivia el estr\u00e9s y recupera la calma tras un d\u00eda duro con exclusividad. \u00a1Compra aqu\u00ed!\" \/>\n<meta property=\"og:url\" content=\"https:\/\/test01.chat2desk.mx\/?product=snail-repairing\" \/>\n<meta property=\"og:site_name\" content=\"Chat2desk Mexico\" \/>\n<meta property=\"article:modified_time\" content=\"2026-04-08T21:31:43+00:00\" \/>\n<meta property=\"og:image\" content=\"https:\/\/test01.chat2desk.mx\/wp-content\/uploads\/2022\/08\/organic-descontracting-m.jpg\" \/>\n\t<meta property=\"og:image:width\" content=\"1181\" \/>\n\t<meta property=\"og:image:height\" content=\"1181\" \/>\n\t<meta property=\"og:image:type\" content=\"image\/jpeg\" \/>\n<meta name=\"twitter:card\" content=\"summary_large_image\" \/>\n<meta name=\"twitter:label1\" content=\"Tiempo de lectura\" \/>\n\t<meta name=\"twitter:data1\" content=\"1 minuto\" \/>\n<script type=\"application\/ld+json\" class=\"yoast-schema-graph\">{\"@context\":\"https:\/\/schema.org\",\"@graph\":[{\"@type\":\"WebPage\",\"@id\":\"https:\/\/test01.chat2desk.mx\/?product=snail-repairing\",\"url\":\"https:\/\/test01.chat2desk.mx\/?product=snail-repairing\",\"name\":\"Gift-Organic Descontracting Massage \/ 50 MIN - Chat2desk Mexico\",\"isPartOf\":{\"@id\":\"https:\/\/test01.chat2desk.mx\/#website\"},\"primaryImageOfPage\":{\"@id\":\"https:\/\/test01.chat2desk.mx\/?product=snail-repairing#primaryimage\"},\"image\":{\"@id\":\"https:\/\/test01.chat2desk.mx\/?product=snail-repairing#primaryimage\"},\"thumbnailUrl\":\"https:\/\/test01.chat2desk.mx\/wp-content\/uploads\/2022\/08\/organic-descontracting-m.jpg\",\"datePublished\":\"2022-08-29T03:39:18+00:00\",\"dateModified\":\"2026-04-08T21:31:43+00:00\",\"description\":\"Regala un masaje descontracturante de 50 min con cannabis y \u00e1rnica. Alivia el estr\u00e9s y recupera la calma tras un d\u00eda duro con exclusividad. \u00a1Compra aqu\u00ed!\",\"breadcrumb\":{\"@id\":\"https:\/\/test01.chat2desk.mx\/?product=snail-repairing#breadcrumb\"},\"inLanguage\":\"es\",\"potentialAction\":[{\"@type\":\"ReadAction\",\"target\":[\"https:\/\/test01.chat2desk.mx\/?product=snail-repairing\"]}]},{\"@type\":\"ImageObject\",\"inLanguage\":\"es\",\"@id\":\"https:\/\/test01.chat2desk.mx\/?product=snail-repairing#primaryimage\",\"url\":\"https:\/\/test01.chat2desk.mx\/wp-content\/uploads\/2022\/08\/organic-descontracting-m.jpg\",\"contentUrl\":\"https:\/\/test01.chat2desk.mx\/wp-content\/uploads\/2022\/08\/organic-descontracting-m.jpg\",\"width\":1181,\"height\":1181},{\"@type\":\"BreadcrumbList\",\"@id\":\"https:\/\/test01.chat2desk.mx\/?product=snail-repairing#breadcrumb\",\"itemListElement\":[{\"@type\":\"ListItem\",\"position\":1,\"name\":\"Inicio\",\"item\":\"https:\/\/test01.chat2desk.mx\/\"},{\"@type\":\"ListItem\",\"position\":2,\"name\":\"Gift\",\"item\":\"https:\/\/test01.chat2desk.mx\/?page_id=16\"},{\"@type\":\"ListItem\",\"position\":3,\"name\":\"Gift-Organic Descontracting Massage \/ 50 MIN\"}]},{\"@type\":\"WebSite\",\"@id\":\"https:\/\/test01.chat2desk.mx\/#website\",\"url\":\"https:\/\/test01.chat2desk.mx\/\",\"name\":\"Chat2desk Mexico\",\"description\":\"\",\"potentialAction\":[{\"@type\":\"SearchAction\",\"target\":{\"@type\":\"EntryPoint\",\"urlTemplate\":\"https:\/\/test01.chat2desk.mx\/?s={search_term_string}\"},\"query-input\":{\"@type\":\"PropertyValueSpecification\",\"valueRequired\":true,\"valueName\":\"search_term_string\"}}],\"inLanguage\":\"es\"}]}<\/script>\n<!-- \/ Yoast SEO Premium plugin. -->","yoast_head_json":{"title":"Gift-Organic Descontracting Massage \/ 50 MIN - Chat2desk Mexico","description":"Regala un masaje descontracturante de 50 min con cannabis y \u00e1rnica. Alivia el estr\u00e9s y recupera la calma tras un d\u00eda duro con exclusividad. \u00a1Compra aqu\u00ed!","robots":{"index":"index","follow":"follow","max-snippet":"max-snippet:-1","max-image-preview":"max-image-preview:large","max-video-preview":"max-video-preview:-1"},"canonical":"https:\/\/test01.chat2desk.mx\/?product=snail-repairing","og_locale":"es_MX","og_type":"article","og_title":"Gift-Organic Descontracting Massage \/ 50 MIN","og_description":"Regala un masaje descontracturante de 50 min con cannabis y \u00e1rnica. Alivia el estr\u00e9s y recupera la calma tras un d\u00eda duro con exclusividad. \u00a1Compra aqu\u00ed!","og_url":"https:\/\/test01.chat2desk.mx\/?product=snail-repairing","og_site_name":"Chat2desk Mexico","article_modified_time":"2026-04-08T21:31:43+00:00","og_image":[{"width":1181,"height":1181,"url":"https:\/\/test01.chat2desk.mx\/wp-content\/uploads\/2022\/08\/organic-descontracting-m.jpg","type":"image\/jpeg"}],"twitter_card":"summary_large_image","twitter_misc":{"Tiempo de lectura":"1 minuto"},"schema":{"@context":"https:\/\/schema.org","@graph":[{"@type":"WebPage","@id":"https:\/\/test01.chat2desk.mx\/?product=snail-repairing","url":"https:\/\/test01.chat2desk.mx\/?product=snail-repairing","name":"Gift-Organic Descontracting Massage \/ 50 MIN - Chat2desk Mexico","isPartOf":{"@id":"https:\/\/test01.chat2desk.mx\/#website"},"primaryImageOfPage":{"@id":"https:\/\/test01.chat2desk.mx\/?product=snail-repairing#primaryimage"},"image":{"@id":"https:\/\/test01.chat2desk.mx\/?product=snail-repairing#primaryimage"},"thumbnailUrl":"https:\/\/test01.chat2desk.mx\/wp-content\/uploads\/2022\/08\/organic-descontracting-m.jpg","datePublished":"2022-08-29T03:39:18+00:00","dateModified":"2026-04-08T21:31:43+00:00","description":"Regala un masaje descontracturante de 50 min con cannabis y \u00e1rnica. Alivia el estr\u00e9s y recupera la calma tras un d\u00eda duro con exclusividad. \u00a1Compra aqu\u00ed!","breadcrumb":{"@id":"https:\/\/test01.chat2desk.mx\/?product=snail-repairing#breadcrumb"},"inLanguage":"es","potentialAction":[{"@type":"ReadAction","target":["https:\/\/test01.chat2desk.mx\/?product=snail-repairing"]}]},{"@type":"ImageObject","inLanguage":"es","@id":"https:\/\/test01.chat2desk.mx\/?product=snail-repairing#primaryimage","url":"https:\/\/test01.chat2desk.mx\/wp-content\/uploads\/2022\/08\/organic-descontracting-m.jpg","contentUrl":"https:\/\/test01.chat2desk.mx\/wp-content\/uploads\/2022\/08\/organic-descontracting-m.jpg","width":1181,"height":1181},{"@type":"BreadcrumbList","@id":"https:\/\/test01.chat2desk.mx\/?product=snail-repairing#breadcrumb","itemListElement":[{"@type":"ListItem","position":1,"name":"Inicio","item":"https:\/\/test01.chat2desk.mx\/"},{"@type":"ListItem","position":2,"name":"Gift","item":"https:\/\/test01.chat2desk.mx\/?page_id=16"},{"@type":"ListItem","position":3,"name":"Gift-Organic Descontracting Massage \/ 50 MIN"}]},{"@type":"WebSite","@id":"https:\/\/test01.chat2desk.mx\/#website","url":"https:\/\/test01.chat2desk.mx\/","name":"Chat2desk Mexico","description":"","potentialAction":[{"@type":"SearchAction","target":{"@type":"EntryPoint","urlTemplate":"https:\/\/test01.chat2desk.mx\/?s={search_term_string}"},"query-input":{"@type":"PropertyValueSpecification","valueRequired":true,"valueName":"search_term_string"}}],"inLanguage":"es"}]}},"_links":{"self":[{"href":"https:\/\/test01.chat2desk.mx\/index.php?rest_route=\/wp\/v2\/product\/965","targetHints":{"allow":["GET"]}}],"collection":[{"href":"https:\/\/test01.chat2desk.mx\/index.php?rest_route=\/wp\/v2\/product"}],"about":[{"href":"https:\/\/test01.chat2desk.mx\/index.php?rest_route=\/wp\/v2\/types\/product"}],"replies":[{"embeddable":true,"href":"https:\/\/test01.chat2desk.mx\/index.php?rest_route=%2Fwp%2Fv2%2Fcomments&post=965"}],"wp:featuredmedia":[{"embeddable":true,"href":"https:\/\/test01.chat2desk.mx\/index.php?rest_route=\/wp\/v2\/media\/6848"}],"wp:attachment":[{"href":"https:\/\/test01.chat2desk.mx\/index.php?rest_route=%2Fwp%2Fv2%2Fmedia&parent=965"}],"wp:term":[{"taxonomy":"product_brand","embeddable":true,"href":"https:\/\/test01.chat2desk.mx\/index.php?rest_route=%2Fwp%2Fv2%2Fproduct_brand&post=965"},{"taxonomy":"product_cat","embeddable":true,"href":"https:\/\/test01.chat2desk.mx\/index.php?rest_route=%2Fwp%2Fv2%2Fproduct_cat&post=965"},{"taxonomy":"product_tag","embeddable":true,"href":"https:\/\/test01.chat2desk.mx\/index.php?rest_route=%2Fwp%2Fv2%2Fproduct_tag&post=965"}],"curies":[{"name":"wp","href":"https:\/\/api.w.org\/{rel}","templated":true}]}}